{"id":357,"date":"2018-02-02T09:47:08","date_gmt":"2018-02-02T08:47:08","guid":{"rendered":"http:\/\/deprez.lu\/?page_id=357"},"modified":"2021-04-18T07:32:42","modified_gmt":"2021-04-18T05:32:42","slug":"seminaire-virtuel-videos-methodologie-de-recherche-pour-chercheurs-en-droit","status":"publish","type":"page","link":"https:\/\/deprez.lu\/index.php\/ressources-documentaires\/support-de-cours-seminaire-bamako\/seminaire-virtuel-et-exercices\/seminaire-virtuel-videos-methodologie-de-recherche-pour-chercheurs-en-droit\/","title":{"rendered":"S\u00e9minaire virtuel"},"content":{"rendered":"<h1><strong><span style=\"color: #993300;\"><span style=\"color: #3366ff;\">1\/ Fichiers de la pr\u00e9sentation \u00e0 t\u00e9l\u00e9charger (deux formats) :<\/span><br \/>\n<\/span><\/strong><\/h1>\n<p><span style=\"color: #3366ff;\"><em>Format pdf (cliquer ci-apr\u00e8s) ==&gt; :<\/em>\u00a0<\/span> <a href=\"http:\/\/deprez.lu\/wp-content\/uploads\/2018\/02\/Pre\u0301sentation-Mali-2018-maison.pdf\" target=\"_blank\" rel=\"noopener noreferrer\">Presentation Mali 2018 Format Acrobat<\/a><\/p>\n<p>(Si vous ne parvenez pas \u00e0 ouvrir le fichier, t\u00e9l\u00e9chargez et installer le logiciel Acrobat Reader disponible <a href=\"https:\/\/get.adobe.com\/fr\/reader\/\" target=\"_blank\" rel=\"noopener noreferrer\">ici<\/a>)<\/p>\n<p><em><span style=\"color: #3366ff;\">Format Powerpoint\u00a0(cliquer ci-apr\u00e8s) ==&gt; :<\/span><\/em> <a href=\"http:\/\/deprez.lu\/wp-content\/uploads\/2018\/02\/Pre\u0301sentation-Mali-2018-maison.pps\" target=\"_blank\" rel=\"noopener noreferrer\">Preesentation Mali 2018 Format Powerpoint<\/a><\/p>\n<p>(Si vous ne parvenez pas \u00e0 ouvrir le fichier, t\u00e9l\u00e9chargez et installer le logiciel Acrobat Reader disponible <a href=\"http:\/\/www.commentcamarche.net\/download\/telecharger-208-powerpoint-viewer\" target=\"_blank\" rel=\"noopener noreferrer\">ici<\/a>)<\/p>\n<h1><strong><span style=\"color: #993300;\"><span style=\"color: #ff6600;\">2\/ Vid\u00e9os (Mot de passe requis)<br \/>\n<\/span><\/span><\/strong><\/h1>\n<h1><strong><span style=\"color: #993300;\"><span style=\"color: #ff6600;\"> Introduction : \u00a0<\/span> \u00a0 \u00a0 \u00a0 \u00a0 \u00a0 \u00a0 \u00a0 \u00a0 \u00a0 \u00a0 \u00a0 \u00a0 \u00a0 \u00a0 \u00a0 \u00a0 \u00a0 \u00a0 \u00a0 \u00a0 \u00a0 \u00a0 \u00a0 \u00a0 \u00a0 \u00a0 \u00a0 \u00a0 \u00a0<\/span> <\/strong><\/h1>\n<ul>\n<li><strong>Organisation du cours<\/strong><\/li>\n<li><strong>Qu&rsquo;est ce qu&rsquo;un travail de recherche scientifique ?<\/strong><\/li>\n<\/ul>\n<p><iframe loading=\"lazy\" src=\"https:\/\/player.vimeo.com\/video\/253927788?dnt=1&amp;app_id=122963\" width=\"500\" height=\"313\" frameborder=\"0\" allow=\"autoplay; fullscreen; picture-in-picture; clipboard-write; encrypted-media\"><\/iframe><\/p>\n<h1><span style=\"color: #ff6600;\"><strong>Chapitre 1er : Une strat\u00e9gie globale de recherche d&rsquo;information<\/strong><\/span><\/h1>\n<ul>\n<li><span style=\"color: #000000;\"><strong><span style=\"color: #333333;\">Vid\u00e9o 1er chapitre, section 1\/ Panorama des ressources du chercheur en droit<\/span><br \/>\n<\/strong><\/span><\/li>\n<\/ul>\n<p><iframe loading=\"lazy\" src=\"https:\/\/player.vimeo.com\/video\/253927922?dnt=1&amp;app_id=122963\" width=\"500\" height=\"313\" frameborder=\"0\" allow=\"autoplay; fullscreen; picture-in-picture; clipboard-write; encrypted-media\"><\/iframe><\/p>\n<ul>\n<li><span style=\"color: #000000;\"><strong><span style=\"color: #333333;\">Vid\u00e9o 1er chapitre, section 2\/ Appr\u00e9hension et traitement des ressources<\/span><br \/>\n<\/strong><\/span><\/li>\n<\/ul>\n<p><iframe loading=\"lazy\" src=\"https:\/\/player.vimeo.com\/video\/253928020?dnt=1&amp;app_id=122963\" width=\"500\" height=\"313\" frameborder=\"0\" allow=\"autoplay; fullscreen; picture-in-picture; clipboard-write; encrypted-media\"><\/iframe><\/p>\n<p><strong><span style=\"color: #333333;\">Vid\u00e9o 1er chapitre, section\u00a0 3\/ Examen d\u00e9taill\u00e9 des ressources juridiques (gratuites &amp; payantes)<\/span><br \/>\n<\/strong><\/p>\n<p><iframe loading=\"lazy\" src=\"https:\/\/player.vimeo.com\/video\/253928092?dnt=1&amp;app_id=122963\" width=\"500\" height=\"313\" frameborder=\"0\" allow=\"autoplay; fullscreen; picture-in-picture; clipboard-write; encrypted-media\"><\/iframe><\/p>\n            ","protected":false},"excerpt":{"rendered":"<p>1\/ Fichiers de la pr\u00e9sentation \u00e0 t\u00e9l\u00e9charger (deux formats) : Format pdf (cliquer ci-apr\u00e8s) ==&gt; :\u00a0 Presentation Mali 2018 Format Acrobat (Si vous ne parvenez pas \u00e0 ouvrir le fichier, t\u00e9l\u00e9chargez et installer le logiciel Acrobat Reader disponible ici) Format Powerpoint\u00a0(cliquer ci-apr\u00e8s) ==&gt; : Preesentation Mali 2018 Format Powerpoint (Si vous ne parvenez pas \u00e0 ouvrir le fichier, t\u00e9l\u00e9chargez et<\/p>\n<p><a class=\"more-link\" href=\"https:\/\/deprez.lu\/index.php\/ressources-documentaires\/support-de-cours-seminaire-bamako\/seminaire-virtuel-et-exercices\/seminaire-virtuel-videos-methodologie-de-recherche-pour-chercheurs-en-droit\/\">Read More<\/a><\/p>\n","protected":false},"author":1,"featured_media":0,"parent":476,"menu_order":0,"comment_status":"closed","ping_status":"closed","template":"","meta":[],"_links":{"self":[{"href":"https:\/\/deprez.lu\/index.php\/wp-json\/wp\/v2\/pages\/357"}],"collection":[{"href":"https:\/\/deprez.lu\/index.php\/wp-json\/wp\/v2\/pages"}],"about":[{"href":"https:\/\/deprez.lu\/index.php\/wp-json\/wp\/v2\/types\/page"}],"author":[{"embeddable":true,"href":"https:\/\/deprez.lu\/index.php\/wp-json\/wp\/v2\/users\/1"}],"replies":[{"embeddable":true,"href":"https:\/\/deprez.lu\/index.php\/wp-json\/wp\/v2\/comments?post=357"}],"version-history":[{"count":8,"href":"https:\/\/deprez.lu\/index.php\/wp-json\/wp\/v2\/pages\/357\/revisions"}],"predecessor-version":[{"id":386,"href":"https:\/\/deprez.lu\/index.php\/wp-json\/wp\/v2\/pages\/357\/revisions\/386"}],"up":[{"embeddable":true,"href":"https:\/\/deprez.lu\/index.php\/wp-json\/wp\/v2\/pages\/476"}],"wp:attachment":[{"href":"https:\/\/deprez.lu\/index.php\/wp-json\/wp\/v2\/media?parent=357"}],"curies":[{"name":"wp","href":"https:\/\/api.w.org\/{rel}","templated":true}]}}