{"id":122,"date":"2017-07-26T17:06:26","date_gmt":"2017-07-26T15:06:26","guid":{"rendered":"http:\/\/deprez.lu\/?page_id=122"},"modified":"2021-04-18T09:19:45","modified_gmt":"2021-04-18T07:19:45","slug":"grands-systemes-juridiques","status":"publish","type":"page","link":"https:\/\/deprez.lu\/index.php\/ressources-documentaires\/support-de-cours-seminaire-bamako\/grands-systemes-juridiques\/","title":{"rendered":"Grands syst\u00e8mes"},"content":{"rendered":"<p><em>Source : Universit\u00e9 d&rsquo;Ottawa &#8211; Jurisglobe (extrait de leur site ci-dessous)<br \/>\n<\/em><\/p>\n<p><a href=\"http:\/\/www.juriglobe.ca\/fra\/sys-juri\/index.php\" target=\"_blank\" rel=\"noopener noreferrer\"><img loading=\"lazy\" class=\"alignnone wp-image-120 size-medium\" src=\"http:\/\/deprez.lu\/wp-content\/uploads\/2017\/07\/section-header-link-fr-300x50.jpg\" alt=\"\" width=\"300\" height=\"50\" srcset=\"https:\/\/deprez.lu\/wp-content\/uploads\/2017\/07\/section-header-link-fr-300x50.jpg 300w, https:\/\/deprez.lu\/wp-content\/uploads\/2017\/07\/section-header-link-fr.jpg 518w\" sizes=\"(max-width: 300px) 100vw, 300px\" \/><\/a><\/p>\n<h2>R\u00e9partition g\u00e9ographique (Atlas)<\/h2>\n<p><a href=\"http:\/\/www.juriglobe.ca\/fra\/sys-juri\/index-alpha.php#KUWAIT\" target=\"_blank\" rel=\"noopener noreferrer\"><img loading=\"lazy\" class=\"wp-image-145 alignleft\" src=\"http:\/\/deprez.lu\/wp-content\/uploads\/2017\/07\/Universit\u00e9-dOttawa-300x188.jpg\" alt=\"\" width=\"445\" height=\"279\" srcset=\"https:\/\/deprez.lu\/wp-content\/uploads\/2017\/07\/Universit\u00e9-dOttawa-300x188.jpg 300w, https:\/\/deprez.lu\/wp-content\/uploads\/2017\/07\/Universit\u00e9-dOttawa-320x202.jpg 320w, https:\/\/deprez.lu\/wp-content\/uploads\/2017\/07\/Universit\u00e9-dOttawa.jpg 681w\" sizes=\"(max-width: 445px) 100vw, 445px\" \/><\/a><a title=\"Carte g\u00e9ographique de l'Am\u00e9rique du nord\" href=\"http:\/\/www.juriglobe.ca\/fra\/rep-geo\/cartes\/amer-nord.php\" target=\"_blank\" rel=\"noopener noreferrer\">Am\u00e9rique du nord<\/a><\/p>\n<ul>\n<li><a title=\"Carte g\u00e9ographique de l'Am\u00e9rique central\" href=\"http:\/\/www.juriglobe.ca\/fra\/rep-geo\/cartes\/amer-cent.php\" target=\"_blank\" rel=\"noopener noreferrer\">Am\u00e9rique centrale<\/a><\/li>\n<li><a title=\"Carte g\u00e9ographique de l'Am\u00e9rique du sud\" href=\"http:\/\/www.juriglobe.ca\/fra\/rep-geo\/cartes\/amer-sud.php\" target=\"_blank\" rel=\"noopener noreferrer\">Am\u00e9rique du sud<\/a><\/li>\n<li><a title=\"Carte g\u00e9ographique de l'Antilles\" href=\"http:\/\/www.juriglobe.ca\/fra\/rep-geo\/cartes\/antilles.php\">Antilles<\/a><\/li>\n<li><a title=\"Carte g\u00e9ographique de l'Europe\" href=\"http:\/\/www.juriglobe.ca\/fra\/rep-geo\/cartes\/europe.php\" target=\"_blank\" rel=\"noopener noreferrer\">Europe<\/a><\/li>\n<li><a title=\"Carte g\u00e9ographique de l'Afrique\" href=\"http:\/\/www.juriglobe.ca\/fra\/rep-geo\/cartes\/afrique.php\" target=\"_blank\" rel=\"noopener noreferrer\">Afrique<\/a><\/li>\n<li><a title=\"Carte g\u00e9ographique du Moyen orient\" href=\"http:\/\/www.juriglobe.ca\/fra\/rep-geo\/cartes\/moy-orient.php\">Moyen orient<\/a><\/li>\n<li><a title=\"Carte g\u00e9ographique de l'Asie\" href=\"http:\/\/www.juriglobe.ca\/fra\/rep-geo\/cartes\/asie.php\">Asie<\/a><\/li>\n<li><a href=\"http:\/\/www.juriglobe.ca\/fra\/rep-geo\/cartes\/caucase.php\">Caucase<\/a><\/li>\n<li><a title=\"Carte g\u00e9ographique de l'Asie du sud-est\" href=\"http:\/\/www.juriglobe.ca\/fra\/rep-geo\/cartes\/asie-sud-est.php\">Asie du sud-est<\/a><\/li>\n<li><a title=\"Carte g\u00e9ographique de l'Oc\u00e9anie\" href=\"http:\/\/www.juriglobe.ca\/fra\/rep-geo\/cartes\/oceanie.php\">Oc\u00e9anie<\/a><\/li>\n<li><a href=\"http:\/\/www.juriglobe.ca\/fra\/rep-geo\/cartes\/monde.php\" target=\"_blank\" rel=\"noopener noreferrer\">Carte du monde<\/a><\/li>\n<\/ul>\n            ","protected":false},"excerpt":{"rendered":"<p>Source : Universit\u00e9 d&rsquo;Ottawa &#8211; Jurisglobe (extrait de leur site ci-dessous) R\u00e9partition g\u00e9ographique (Atlas) Am\u00e9rique du nord Am\u00e9rique centrale Am\u00e9rique du sud Antilles Europe Afrique Moyen orient Asie Caucase Asie du sud-est Oc\u00e9anie Carte du monde<\/p>\n","protected":false},"author":1,"featured_media":0,"parent":486,"menu_order":0,"comment_status":"closed","ping_status":"closed","template":"","meta":[],"_links":{"self":[{"href":"https:\/\/deprez.lu\/index.php\/wp-json\/wp\/v2\/pages\/122"}],"collection":[{"href":"https:\/\/deprez.lu\/index.php\/wp-json\/wp\/v2\/pages"}],"about":[{"href":"https:\/\/deprez.lu\/index.php\/wp-json\/wp\/v2\/types\/page"}],"author":[{"embeddable":true,"href":"https:\/\/deprez.lu\/index.php\/wp-json\/wp\/v2\/users\/1"}],"replies":[{"embeddable":true,"href":"https:\/\/deprez.lu\/index.php\/wp-json\/wp\/v2\/comments?post=122"}],"version-history":[{"count":6,"href":"https:\/\/deprez.lu\/index.php\/wp-json\/wp\/v2\/pages\/122\/revisions"}],"predecessor-version":[{"id":246,"href":"https:\/\/deprez.lu\/index.php\/wp-json\/wp\/v2\/pages\/122\/revisions\/246"}],"up":[{"embeddable":true,"href":"https:\/\/deprez.lu\/index.php\/wp-json\/wp\/v2\/pages\/486"}],"wp:attachment":[{"href":"https:\/\/deprez.lu\/index.php\/wp-json\/wp\/v2\/media?parent=122"}],"curies":[{"name":"wp","href":"https:\/\/api.w.org\/{rel}","templated":true}]}}